3/18*201. Let v = -37 + b. What is the tens digit of v?
3
Let v = 270 - 742. Let u = 738 + v. What is the units digit of u?
6
Let d = -704 + 764. What is the units digit of d?
0
Suppose -5*b = c - 13325, -b = 10*c - 13*c - 2649. What is the units digit of b?
4
Let m(g) be the first derivative of -g**3/3 + 4*g**2 - 7*g - 4. Let a be m(6). Suppose 215 = -0*d + a*d. What is the units digit of d?
3
Suppose 0 = -u + 5*u. Suppose u = -4*t + 3 + 5. Suppose -5*f - 4*m - 14 = 1, -5*f + t*m + 15 = 0. What is the units digit of f?
1
Let f(n) = n**3 + 9*n**2 + 2*n - 39. Let s be f(-8). Suppose 2*d = -3*k + 22, -18 = -3*k - 0*d - 3*d. Let x = k + s. What is the units digit of x?
9
Let s(c) = c**3 - 9*c**2 - 20*c - 15. Let a be s(11). Let m(u) = -u**3 + 5*u**2 + 21*u - 6. What is the tens digit of m(a)?
4
Suppose -23*p + 76 = -22*p. What is the units digit of p?
6
Suppose -1351 + 469 = -6*x. What is the units digit of x?
7
Suppose -26 + 878 = 3*d. What is the tens digit of d?
8
Let n = -25 + 10. Let l = 25 + n. What is the tens digit of l?
1
Suppose 5*t + 0 - 15 = 0. Suppose o + p + 10 = 59, -o + 45 = 5*p. Suppose -o = -t*b - 14. What is the units digit of b?
2
Let c(l) = -l**2 + 10*l + 4. Let x be c(10). Suppose -2*s = -2*v - 158, 0 = -3*s - 2*v + x*v + 233. Let j = 112 - s. What is the units digit of j?
7
Let v = 13 - 9. Suppose 0 = 11*g - 18*g + 420. Suppose -a - v*a = -g. What is the units digit of a?
2
Let y(c) = 5*c**3 + 6*c - 7. Let h be y(3). Suppose 3*j + 2*x = h, -j - 246 = -6*j - 2*x. What is the units digit of j?
0
Suppose 0 = 781*h - 780*h - 5111. What is the tens digit of h?
1
Let j be 12/9 + (-2)/(-3). Suppose -2*h + 3*h = 5*n + 5, n + h - 5 = 0. Suppose w + 66 = 5*d, n*w - 2*w = j. What is the tens digit of d?
1
Suppose 7*q + 4880 = 5*f + 2*q, 4*q + 979 = f. What is the units digit of f?
5
Suppose 1338 = 4*z + 2*v - 23320, 3*z - 18496 = -4*v. What is the thousands digit of z?
6
Suppose 4*d = -2*d + 66. Suppose 13*w - 36 = d*w. What is the units digit of w?
8
Suppose -2*d = -20 - 354. Suppose 0 = -4*n + 5*q + d, 4*n = 2*q - q + 191. Let x = -24 + n. What is the tens digit of x?
2
Let h(a) = 5*a + 5. Let k be h(3). What is the units digit of 1/4 - (-1135)/k?
7
Let x be (0 + 0 - -1)/(-1). What is the units digit of x + 56 - (-1 + 5)?
1
Suppose 9334 = 3*a - 5*t, -2*t + 21 = a - 3072. What is the hundreds digit of a?
1
Let f = -1133 + 1948. What is the tens digit of f?
1
Suppose -15 = -4*x - 75. Let g = 29 - x. What is the units digit of g?
4
Let r(j) = 5*j**2 - 206*j - 200. What is the hundreds digit of r(60)?
4
Let z = 37 - -187. Suppose -5*c + 3*c = -f + 56, 4*f + 4*c - z = 0. What is the units digit of f?
6
Let n(y) = -45*y - 178. What is the units digit of n(-8)?
2
Let m = 120 + 1063. What is the thousands digit of m?
1
Suppose 7*a - 4*a = -3*a. Suppose 2*z + 2*f = -2*f + 90, a = 4*z + 5*f - 165. What is the units digit of z?
5
Let l be (-62*1)/(2/(-3)). Suppose 5*b - l - 32 = 0. What is the tens digit of b?
2
Let a = 3120 - 1785. What is the hundreds digit of a?
3
Suppose -20*t - 7*t = -13257. What is the tens digit of t?
9
Let k = -5 + 7. Suppose -k*j - 8 = 2*q, q + 0*q = 4*j + 1. What is the units digit of (3 - 6 - q) + 9?
9
Let i(o) = -2*o**2 - 4*o + 3. Let c be i(12). Let n = c + 613. What is the hundreds digit of n?
2
Let n(b) = 9*b**2 + 4*b + 55. What is the units digit of n(16)?
3
Let z(c) = -c - 3. Suppose -4*f = f - 15. Let u be z(f). Let g(o) = o**2 + 7*o + 7. What is the units digit of g(u)?
1
What is the units digit of 2 - (2/10 + (-12576)/30)?
1
Let y be (-14*1)/(6/(-3)). Let f = 13 - y. Let l = 62 - f. What is the tens digit of l?
5
Let f be 2 + 185 - (-3 - -5). Suppose 0 = -3*h + 3, 4*x + 4*h = 5*h - f. Let w = -22 - x. What is the units digit of w?
4
Let f = -93 - 87. Let x = 263 + f. What is the tens digit of x?
8
Let b(m) be the second derivative of m**4/6 + m**3/2 - 3*m**2/2 + 6*m. What is the units digit of b(-3)?
6
What is the units digit of (-3754)/(-8) - (55/44 - 1)?
9
Let z(q) = 3*q**2 - q. Let c be z(-1). Suppose -52 = -2*m + c*w + 12, -60 = -3*m - 3*w. What is the units digit of m?
4
Let l(p) be the first derivative of 4*p**2 - 32*p + 6. What is the units digit of l(8)?
2
Let a = -75 + 130. Suppose h - 3*q = 50, -h - a = -2*h - 2*q. What is the tens digit of h?
5
Suppose -49*x = -36*x - 14222. What is the units digit of x?
4
Suppose 3*o + 4 = -2*h, -3*o + 3*h = -2*o + 5. What is the units digit of ((-378)/4)/9*o/3?
7
Let o(w) be the first derivative of w**3/3 + 3*w**2 + 16*w + 20. Let j be 1/(-4) - 245/28. What is the units digit of o(j)?
3
Suppose -6641 = -5*z + 4*l, 0 = -5*z - 13*l + 9*l + 6649. What is the thousands digit of z?
1
Suppose -4*m = -10*m + 42. Suppose -m*b = -271 - 219. What is the units digit of b?
0
Suppose 0 = 2*a + 10, -5*a = -4*t + 16 + 17. Let d = -5 + t. What is the units digit of (-16)/d*(7 + -4)?
6
Let t(o) = -o + 10. Let q be t(0). Let u = 0 - q. What is the units digit of (-2)/4 - 115/u?
1
Let z be 1 - 0 - ((10 - 5) + -8). Let k = 27 - z. What is the tens digit of k?
2
Let q(x) = 7*x**2 - 58*x - 5. What is the units digit of q(-10)?
5
Let x(l) = 13*l**2 + l - 1. Let h be x(1). Suppose -h = -6*o + 5. Suppose -o*j = 2*i - 42, 4*i + 6 + 8 = j. What is the tens digit of j?
1
Let n(y) = 6*y**2 - 2*y - 5. Let w(a) = 9*a**2 - 3*a - 8. Let b(z) = 8*n(z) - 5*w(z). What is the units digit of b(-1)?
4
Let s(k) = 16*k**2 - 1. Let t be s(-1). Suppose -10*a - t = -13*a. What is the units digit of 1 + (1 - 0) + a?
7
Suppose -42*i + 8*i + 54332 = 0. What is the tens digit of i?
9
Let z(f) = 42*f**2 - 51*f + 16. What is the hundreds digit of z(5)?
8
Let w(u) = 237*u - 1007. What is the hundreds digit of w(8)?
8
Let v = 1150 + -159. What is the hundreds digit of v?
9
What is the tens digit of 3/5 - 5834*(-11)/110?
8
Let n = -715 - -1642. What is the tens digit of n?
2
Let s = -13 - -14. Let w be (-2)/(16/(-12) + s). Suppose 2*u - 4 = -4*p, 2*u - p - w = 18. What is the tens digit of u?
1
Let y = -31 - -30. Let m be y - -9 - (-13 - -14). Suppose m*l = 3*l + 5*p + 133, -194 = -5*l - 3*p. What is the tens digit of l?
3
What is the units digit of (-6)/11 - (-142968)/506?
2
Suppose 0*u = u - 5. Suppose u*t - 74 = 221. What is the units digit of t?
9
Let y(w) = -5*w**3 - 5*w**2 - 5*w - 8. What is the units digit of y(-3)?
7
Let p = -1 - -3. Suppose p*j + 3 = -15. Let u = 34 + j. What is the tens digit of u?
2
Let g(f) = -19*f + 3. Let m be g(-7). Let h = 217 - m. What is the tens digit of h?
8
Let t(f) = f**3 - f**2 - 21*f - 6. What is the units digit of t(9)?
3
Suppose 3*m = 4 - 1. Let h be (0/((-3)/m))/1. Suppose 0 = -h*k - 5*k + 115. What is the units digit of k?
3
Let x = -280 - -121. Let n = -52 - x. What is the tens digit of n?
0
Suppose -5*h + 3329 = -10301. What is the hundreds digit of h?
7
Suppose 0*j - 5 = -c - 3*j, 0 = 4*c - 4*j + 12. What is the units digit of (3/c + 4)*215?
5
Let n = -141 + 368. Suppose 4*w - 3*u = n + 216, 0 = 5*w + u - 568. What is the units digit of w?
3
What is the tens digit of -1711*(-20)/12 + (-8)/12?
5
Let p = 1687 - 954. What is the units digit of p?
3
Suppose 15*s = 17*s. Suppose -h = -3*g + 595, 3*g + 3*h - h - 601 = s. What is the hundreds digit of g?
1
Let x(c) = -70*c + 3. What is the hundreds digit of x(-6)?
4
Let t(s) = -s - 4. Let u be t(-7). Suppose 0 = u*l + 2*x - 22, -3*l - 1 = -4*x + 7. Suppose 103 = l*a + 11. What is the tens digit of a?
2
Let p be (-6)/(-14) - (-544)/(-28). Let c = -7 - p. What is the tens digit of c?
1
Suppose -h + 5*l - l + 109 = 0, -2*l - 394 = -4*h. What is the units digit of h?
7
Let b(x) be the third derivative of -3*x**4/8 + 11*x**3/3 + 12*x**2. What is the hundreds digit of b(-10)?
1
Suppose -4*s + 82 = -2*n, 0 = -s - 5*n + 13 + 2. Let t = 15 - s. Let y = t - -12. What is the units digit of y?
7
Let u = -655 - -1039. What is the tens digit of u?
8
Suppose 19 - 1 = -3*a. Let h be ((-1)/3)/(1/a). Let l = h - -7. What is the units digit of l?
9
Suppose -6 = -5*p + 24. Let n = p - 22. Let s = 26 + n. What is the tens digit of s?
1
Suppose 0 = -3*b - 4*q + 866, 3*b = 4*b - q - 277. What is the hundreds digit of b?
2
Let a(w) = 5*w**2 + 27*w + 5. Let d be a(-9). Let f = 456 - d. What is the hundreds digit of f?
2
Let r be 6/18*-6 - (-6